3*i + t. List the prime factors of i.
109
Suppose 15 = 11*p - 6*p. Suppose -h - 665 + 159 = -p*r, h - 339 = -2*r. List the prime factors of r.
13
Let l be 5 + -2 + -5 + 5. Suppose 4*b = -l*o + 509, b - 5*o - 62 = 48. What are the prime factors of b?
5
Let x be (-34)/153 + (-2)/(-9)*1. Suppose x = -c - 3*v + 111, -3*c = 3*v - 496 + 139. What are the prime factors of c?
3, 41
Suppose -11*q = -10*q. Suppose q = 20*g - 15*g - 540. What are the prime factors of g?
2, 3
Let n(u) = -u**3 - 17*u**2 + 23*u + 42. Let r be n(-19). What are the prime factors of 0 - (r - -3)/(-5)?
2, 3, 11
What are the prime factors of 35/(-21) + 1241/3?
2, 103
Let b(h) = -2*h + 8*h**3 - 146 + 5*h**2 - 2*h**2 + 149. Let z be 1 + -1*(-2 + 1). List the prime factors of b(z).
3, 5
Suppose 9*t + 25 = 4*t. Let r be 33/15 - (-1)/t. Suppose 5*y + 3 = -2*i + r, 2*i = -y + 11. List the prime factors of i.
7
Let s = -409 + 634. List the prime factors of s.
3, 5
Let c = 37 + -34. List the prime factors of c/(-4 + (-572)/(-140)).
5, 7
Suppose -25 = -5*i, 4 = -v + 4*i - 12. Suppose 0 = v*n - 3*n. Suppose n = 3*h - f - 19, 4*h - 4*f - 27 = -3*f. What are the prime factors of h?
2
Let v(n) = 5*n**2 - 31*n + 187. List the prime factors of v(26).
11, 251
Let r(i) = 6*i - 3. Let q be r(-3). Let k = 23 + q. What are the prime factors of (5 + -1)*5/k?
2, 5
Let r(c) = -c**3 + 6*c**2 - 3*c - 9. Let n be r(4). Suppose -a + 37 = 3*j, -32 = -3*j + 2*a + n. List the prime factors of j.
13
Let z(m) = -m + 22 + 1 + 20 - 5. List the prime factors of z(9).
29
Let s(v) be the third derivative of -17*v**6/60 + v**5/60 + 3*v**4/8 + 3*v**3/2 + 38*v**2. List the prime factors of s(-2).
3, 89
Let a = -31 - -43. List the prime factors of 4*(4 - (-141)/a).
3, 7
Suppose -2*w + 2464 - 93 = 5*i, 0 = 2*w - 3*i - 2379. What are the prime factors of w?
2, 3, 11
Let w(q) = -q**3 - 6*q**2 + 7*q - 11. Let r be w(-11). Suppose -2*g + r = 3*g + i, g - 92 = -4*i. List the prime factors of g.
2, 13
Suppose 2*t - 5*c = 516, 2*c + 626 = 2*t + 110. What are the prime factors of t?
2, 3, 43
Let k = -60 - -50. List the prime factors of (-1216)/k - -2*1/5.
2, 61
Let l be (-10)/(-15)*18/4. Suppose v + 0*v - 115 = 5*s, 0 = s + l. List the prime factors of v.
2, 5
Let w be (30/(-4))/(18/24). Let p be (-15)/w + 5/2. Suppose -p*q = -2*q - 46. List the prime factors of q.
23
Suppose -22*a + 1743 = -19*a. What are the prime factors of a?
7, 83
Let y = 1133 - 329. Suppose -y = -45*m + 39*m. List the prime factors of m.
2, 67
Let i(c) = 2*c + 5. Let o be i(7). Suppose 10 = -24*w + 418. Let d = o - w. What are the prime factors of d?
2
Suppose 2*s = -4*u + 6058, -4*u = s - 2953 - 76. List the prime factors of s.
13, 233
Let q = 348 + 375. What are the prime factors of q?
3, 241
Suppose 0 = 3*s - 7*s + 16. Suppose -h + 29 = -4*w, 0 = s*h + h - 3*w - 60. Let z(i) = i**3 - 7*i**2 - 12*i + 6. List the prime factors of z(h).
2, 3, 5
Suppose -5*i = 2*n - 1249, 25*n - 21*n + 4*i - 2528 = 0. List the prime factors of n.
7, 13
Suppose 0 = -26*c + 19*c - 14. List the prime factors of c/36*-3831 - (-2)/12.
3, 71
Suppose -26*a = 5472 - 31862. List the prime factors of a.
5, 7, 29
What are the prime factors of 1800 + 2/((-6)/9)?
3, 599
Suppose -3*x + 13 = 7. Suppose 4*j - 6 = x. Suppose -2*h - 2*h + 2*m + 48 = 0, -j*m = 4*h - 40. What are the prime factors of h?
11
Let s(a) = 2*a**2 + 9 - 6*a**2 - a**3 - 18*a - 10*a**2. List the prime factors of s(-13).
2, 37
Suppose -27*f + 408 = -19*f. List the prime factors of f.
3, 17
Suppose 0 = -f + 2*o + 9, 4*f = -2*o + 16. Suppose -f*j - 31 = -4*z, z - 4*j - 16 = -0*z. Suppose x + 15 = z*x. List the prime factors of x.
5
Let v be 2/(3/36*1). Let j(q) = q**3 - 6*q**2 - 6*q + 9. Let i be j(7). Let x = v - i. List the prime factors of x.
2
Suppose -2*k = -1673 - 1003. What are the prime factors of k?
2, 3, 223
Suppose -2520 = 12*g - 16*g. Suppose -11*i + g = -6*i. List the prime factors of i/12*(-8)/(-12).
7
Suppose 0*u + 56 = 4*j - 4*u, -4*u = -j - 1. Let n = -22 + j. What are the prime factors of 147*(-1)/n*1?
7
Let b = -26 - -61. Suppose 425 = 40*g - b*g. What are the prime factors of g?
5, 17
Let u(t) = 356*t**3 + t**2 - 7*t + 5. What are the prime factors of u(1)?
5, 71
Let m be 4/6 - (-25)/(-15). Let j = 6 - m. Let k(l) = 4*l - 4. List the prime factors of k(j).
2, 3
Let p(g) = -36*g - 3 + 8*g - 2*g - 9. List the prime factors of p(-5).
2, 3, 23
Let d(v) = 43*v + 28. Let y(u) = 130*u + 84. Let q(s) = -8*d(s) + 3*y(s). What are the prime factors of q(5)?
2, 3, 43
Let u be ((-23)/(-4))/(8/(-32)). Let f = u - -22. What are the prime factors of (-1 + 4 + -13)*f?
2, 5
Let t = 1241 + 229. What are the prime factors of t?
2, 3, 5, 7
Let w be 0*(3 - 15/6). Let h(t) = 6*t + w - 3*t - 1. What are the prime factors of h(4)?
11
Let o be -12*2/8*-2. Let s(k) = 6*k - 9. What are the prime factors of s(o)?
3
Suppose 0 = 5*r + 5 - 10. Let q be (33/44)/(r/(-8)). List the prime factors of q/(-16) + 711/24.
2, 3, 5
Suppose 80*f - 377679 = -146719. List the prime factors of f.
2887
Let j be 1 + (4 - (3 + 0)). Suppose 0 = r + 3*m + 36, j*m + 3*m - 59 = 4*r. What are the prime factors of -1 - r*(2 - 1)?
2, 5
Let c be (7 - 3)/((-3)/(-6)). List the prime factors of (5 + c/(-2))*7.
7
Suppose 0 = -5*i + 89 + 21. Let y = -8 + i. What are the prime factors of 21/y + 37/2?
2, 5
Let i(s) = -s - 5. Let d be i(-12). Suppose 3*a - d = 2. Suppose -2*v + 180 = a*v. List the prime factors of v.
2, 3
Suppose 0 = -d + 3*y + 62, -d - 33*y + 30*y = -38. List the prime factors of d.
2, 5
Let q(w) = -w**2 + 8*w - 5. Let y be q(7). Let d be 156/27 - y/(-9). List the prime factors of (30/18)/(2/d).
5
Let z be (-1443)/2*(-8)/(-4). Let k = z + 1011. What are the prime factors of k/(-20) - (-6)/(-10)?
3, 7
Suppose -89 = u + 10. Let c = 148 + u. List the prime factors of c.
7
Suppose 0*w = -w + 5, 4*d - 32 = -4*w. Suppose -6 = -2*l, d*j = -l - l + 135. What are the prime factors of j?
43
What are the prime factors of -1*(-1)/(-7) + (-9970)/(-14)?
2, 89
Let d = 137 - -381. What are the prime factors of d?
2, 7, 37
Suppose -24 - 18 = -7*j. List the prime factors of -6 + j - (-62 - 1).
3, 7
Suppose 2*a - 2608 = 4*h, -a - 4*a + 6530 = -5*h. What are the prime factors of a?
2, 3, 109
Let v = 105 + 29. List the prime factors of v*1/(10/5).
67
Suppose -5*q - 5*i - 10 = 0, -2*q - q + 4 = -2*i. Suppose q = 3*h + 67 - 1. Let z = -11 - h. List the prime factors of z.
11
Suppose 12*v = -1077 + 18189. List the prime factors of v.
2, 23, 31
Suppose -6*u + 4*u = -52. Let w be (u/8 + -4)*4. What are the prime factors of ((-15)/(-10))/(w/(-10))?
5
Let l(h) = h**2 - 1. Let z(j) = -5*j**2 - 18*j - 12. Let b(s) = 4*l(s) + z(s). What are the prime factors of b(-13)?
7
Let t(p) = -3 - 3*p**2 + 9*p**2 + p + p**2 - p**3. Let o be t(7). Suppose 87 = 5*g + o*i, g - 28 = 3*i - 3. What are the prime factors of g?
19
Suppose 4*m - 501 = -v, -4*m + v + 196 + 295 = 0. List the prime factors of m.
2, 31
Suppose 4*h - 512 = 72. Let f = h - 104. What are the prime factors of f?
2, 3, 7
Let q(a) = a - 3. Let j be q(6). Suppose j*o = -69 + 84. What are the prime factors of o?
5
Let j be -4 - ((-10 - -2) + 2). Suppose j*b - 10 = -5*y, -2*b = 5*y - 4*y - 18. Let x = b - 8. What are the prime factors of x?
2
Let z be (0 - 2)*(1 + -2). Suppose -j - 4 = 0, j - 122 = -z*a - j. List the prime factors of a.
5, 13
Suppose 0*g - 80 = -g. Let p be (-16)/(-7) - 17/((-714)/(-12)). Suppose -20 + g = p*h. What are the prime factors of h?
2, 3, 5
Suppose 0 = 10*p + 108 + 92. Let z = 51 + p. List the prime factors of z.
31
Let p(o) be the first derivative of 13*o**2/2 + 8*o + 13. What are the prime factors of p(6)?
2, 43
Suppose 0 = -52*g + 39945 + 122139. What are the prime factors of g?
3, 1039
Let b(i) be the third derivative of -119*i**4/24 + i**3/3 - 7*i**2. Let j be b(-1). Let k = j - 81. List the prime factors of k.
2, 5
Let m(z) = z - 15. Let x be m(14). Let h be (2 + -3)*x*-10. Let c(g) = -g**3 - 11*g**2 - 12*g - 13. List the prime factors of c(h).
7
Let y be 2404/8*(-3 - (0 + -1)). Let p = -420 - y. List the prime factors of p.
181
Let z be 2/5 + 8/5. Let p(g) = g**3 - 6*g**2 - g + 8. Let q be p(6). List the prime factors of (z - (-2 + q))*17.
2, 17
Suppose -14*x = -20 - 8. Let u be 2/1*(-6)